ulate the highest common divisor of 56151 and 1530.
153
Calculate the highest common factor of 72320 and 9605.
565
What is the highest common factor of 1400 and 1151000?
200
Calculate the highest common divisor of 3471 and 502761.
267
Calculate the greatest common factor of 660479 and 449.
449
What is the highest common factor of 3718 and 22?
22
What is the highest common factor of 131344 and 112?
16
What is the greatest common divisor of 288 and 6246?
18
Calculate the greatest common divisor of 41678 and 182.
182
What is the highest common divisor of 346185 and 189?
63
What is the highest common divisor of 28984 and 40?
8
Calculate the greatest common divisor of 25160 and 2040.
680
What is the greatest common factor of 55 and 115445?
55
What is the highest common divisor of 200 and 13700?
100
Calculate the highest common divisor of 841 and 24998.
29
What is the greatest common factor of 33566 and 39?
13
What is the greatest common factor of 490784 and 2058?
98
Calculate the highest common divisor of 1080 and 6264.
216
What is the highest common factor of 32428 and 21373?
737
Calculate the greatest common divisor of 7 and 7761551.
7
Calculate the highest common divisor of 92 and 575.
23
What is the highest common divisor of 81000 and 10050?
150
What is the greatest common factor of 99082 and 217610?
926
Calculate the highest common factor of 371 and 477.
53
What is the greatest common factor of 166 and 1169802?
166
Calculate the greatest common factor of 430180 and 628.
628
Calculate the highest common factor of 19548 and 2214.
54
Calculate the highest common divisor of 33025 and 5.
5
Calculate the greatest common divisor of 2527 and 2233.
7
What is the highest common divisor of 5 and 95005?
5
What is the greatest common divisor of 6848 and 6634?
214
Calculate the greatest common divisor of 2368100 and 714.
238
Calculate the highest common divisor of 3525 and 120.
15
Calculate the greatest common divisor of 273702 and 741.
39
What is the highest common factor of 156 and 121740?
12
What is the highest common divisor of 416641 and 4468?
1117
Calculate the greatest common factor of 810 and 162405.
405
Calculate the greatest common factor of 932880 and 1872.
624
Calculate the greatest common factor of 2645473 and 79.
79
What is the highest common divisor of 1500 and 86500?
500
What is the greatest common divisor of 7282 and 1331?
11
What is the greatest common divisor of 6825 and 57750?
525
What is the greatest common divisor of 32660 and 1035?
115
Calculate the greatest common divisor of 56 and 1253.
7
What is the highest common factor of 13904 and 344?
8
Calculate the greatest common factor of 82308 and 24.
12
Calculate the greatest common factor of 5848 and 32250.
86
Calculate the greatest common factor of 19112 and 72.
8
What is the highest common factor of 100 and 409100?
100
What is the greatest common factor of 58089 and 51?
51
Calculate the highest common factor of 36 and 32592.
12
What is the greatest common factor of 617058 and 468?
234
Calculate the greatest common divisor of 1157 and 4094.
89
What is the greatest common factor of 12 and 11684?
4
Calculate the greatest common factor of 57974 and 22624.
1414
Calculate the greatest common factor of 539360 and 160.
160
Calculate the highest common factor of 761 and 10948507.
761
What is the greatest common factor of 56 and 4249?
7
What is the greatest common divisor of 7896 and 3?
3
What is the greatest common factor of 703135 and 45?
5
What is the greatest common divisor of 6948 and 96?
12
Calculate the greatest common factor of 2294 and 26122.
74
Calculate the highest common factor of 3233 and 2074.
61
Calculate the greatest common divisor of 24 and 305340.
12
Calculate the highest common factor of 7 and 871787.
7
What is the highest common factor of 1344 and 8128?
64
What is the greatest common divisor of 34011 and 18?
9
What is the greatest common divisor of 44 and 1977338?
22
Calculate the highest common factor of 2060 and 260.
20
Calculate the highest common divisor of 24722 and 8416.
526
Calculate the greatest common factor of 325 and 1800.
25
What is the greatest common factor of 719859 and 525?
21
Calculate the highest common divisor of 31 and 136121.
31
What is the highest common divisor of 940224 and 15576?
1416
What is the highest common factor of 424 and 5883?
53
Calculate the greatest common divisor of 220040 and 8.
8
Calculate the highest common divisor of 1475131 and 1174.
587
Calculate the highest common divisor of 535079 and 638.
29
What is the greatest common factor of 31801 and 1239?
413
What is the highest common divisor of 528564 and 36?
12
What is the highest common divisor of 18516 and 2136?
12
What is the highest common factor of 1088 and 5134?
34
What is the highest common divisor of 87 and 130674?
87
Calculate the highest common divisor of 980 and 32732.
196
What is the highest common factor of 880103 and 413?
413
Calculate the greatest common divisor of 1063284 and 4.
4
What is the highest common divisor of 262 and 135061?
131
Calculate the highest common divisor of 80 and 882936.
8
Calculate the highest common factor of 21116 and 4.
4
What is the highest common factor of 208 and 10764?
52
Calculate the highest common divisor of 695 and 2224.
139
Calculate the greatest common divisor of 97128 and 212.
4
What is the greatest common factor of 55821 and 552?
69
What is the highest common factor of 2112 and 29271?
33
What is the greatest common factor of 400 and 1000?
200
Calculate the greatest common divisor of 939060 and 324.
108
Calculate the greatest common factor of 3036 and 1956.
12
What is the highest common divisor of 840 and 301175?
35
What is the highest common factor of 26588 and 184?
92
Calculate the greatest common divisor of 70411 and 888.
37
Calculate the highest common divisor of 98452 and 58354.
326
What is the greatest common factor of 1653 and 6415293?
1653
What is the greatest common factor of 4256 and 7239?
19
What is the greatest common divisor of 7667072 and 688?
688
Calculate the greatest common divisor of 8178 and 12126.
282
Calculate the highest common factor of 11514500 and 250.
250
What is the highest common divisor of 30 and 1439748?
6
What is the greatest common factor of 2208576 and 192?
192
What is the greatest common factor of 75 and 104475?
75
Calculate the greatest common divisor of 2157643 and 827.
827
Calculate the greatest common divisor of 281560 and 680.
40
What is the greatest common factor of 3750 and 12000?
750
Calculate the greatest common factor of 9453 and 690.
69
What is the highest common factor of 18 and 6742530?
18
What is the greatest common factor of 79324 and 252?
28
Calculate the greatest common factor of 4 and 79412.
4
Calculate the greatest common divisor of 16434 and 462.
66
Calculate the highest common factor of 11818 and 4354.
622
What is the greatest common factor of 40 and 1690280?
40
Calculate the greatest common factor of 311181 and 606.
303
Calculate the highest common divisor of 1488 and 5016.
24
What is the highest common factor of 570144 and 16?
16
What is the greatest common divisor of 21389 and 1022?
73
Calculate the highest common factor of 74 and 1400672.
74
Calculate the highest common factor of 26 and 2708758.
26
What is the highest common factor of 198 and 9714?
6
Calculate the highest common divisor of 188489 and 7.
7
Calculate the highest common factor of 684 and 28032.
12
Calculate the highest common divisor of 39 and 39455.
13
What is the greatest common divisor of 1470764 and 116?
116
What is the greatest common divisor of 3870 and 297216?
774
Calculate the greatest common factor of 4 and 1114012.
4
What is the greatest common divisor of 82 and 53259?
41
Calculate the highest common factor of 50395 and 5.
5
What is the highest common factor of 102918 and 1938?
102
Calculate the highest common factor of 567 and 21465.
81
Calculate the greatest common factor of 156 and 23352.
12
Calculate the highest common factor of 4671 and 1.
1
What is the greatest common factor of 1404 and 682188?
156
Calculate the highest common factor of 3870 and 3615.
15
What is the greatest common divisor of 737712 and 564?
564
Calculate the greatest common factor of 216 and 959256.
216
What is the greatest com